to base 3
1011121112110101
-9c4985 (base 15) to base 7
-120250025
Convert -973a0c (base 15) to base 8.
-33360561
What is -112535031 (base 6) in base 14?
-3c8187
Convert -2866442 (base 11) to base 7.
-56613014
What is -277599 (base 11) in base 3?
-211002012000
Convert -237221 (base 8) to base 13.
-2b174
992968 (base 12) to base 11
141044a
Convert 971401 (base 11) to base 12.
62b202
Convert 11162 (base 7) to base 3.
10220002
3458306 (base 10) to base 5
1341131211
7773 (base 10) to base 16
1e5d
-133123031213 (base 4) to base 7
-130010165
Convert 20435323 (base 6) to base 10.
596067
Convert -22236452 (base 7) to base 14.
-3819d2
54274a (base 13) to base 16
1e281c
Convert -1c26a (base 15) to base 12.
-45077
-107808 (base 10) to base 11
-73aa8
-3332133 (base 4) to base 16
-3f9f
Convert -199894 (base 10) to base 6.
-4141234
-5906d (base 16) to base 4
-1121001231
-8326808 (base 10) to base 13
-1957109
Convert -180dfc (base 16) to base 15.
-212164
What is 52617 (base 10) in base 8?
146611
What is 2a5230 (base 11) in base 12?
1ab182
What is -2505125 (base 6) in base 3?
-20202212222
Convert -d8274 (base 14) to base 11.
-327093
What is 3297c (base 16) in base 12?
9bb10
What is 110202202202220 (base 3) in base 11?
3915549
What is 163710 (base 11) in base 5?
31104443
Convert 1628235 (base 9) to base 3.
1200222021012
What is -2432442241 (base 5) in base 4?
-111323233000
What is -4735574 (base 8) in base 12?
-524450
Convert c480b (base 13) to base 16.
56273
8f6d1 (base 16) to base 14
114145
Convert a0814 (base 14) to base 8.
1361322
What is -3630632 (base 7) in base 2?
-1110000100111111101
What is 91d2b (base 14) in base 8?
1255543
Convert -c1a2c2 (base 13) to base 6.
-240331343
Convert 1211110021 (base 3) to base 4.
20303110
What is -12331031000 (base 4) in base 16?
-1bd340
-843b4 (base 14) to base 11
-1a8786
Convert 3b5ac (base 14) to base 13.
51932
243523145 (base 6) to base 9
8683772
What is 1681a32 (base 11) in base 14?
545563
What is -10001100010101001101011 (base 2) in base 12?
-1659123
-102122022111 (base 3) to base 7
-1643014
-2417631 (base 9) to base 6
-44034344
Convert -11066b (base 12) to base 4.
-1002002303
What is -eceb (base 15) in base 5?
-3101141
What is -31440410 (base 5) in base 12?
-109501
-405032 (base 12) to base 6
-33304102
-83231 (base 14) to base 16
-4d25b
Convert -321333313 (base 4) to base 10.
-237559
-333230223 (base 4) to base 10
-260907
What is -3156722 (base 10) in base 11?
-1866768
Convert -340202231 (base 5) to base 14.
-2ab4bb
What is -2133321 (base 5) in base 16?
-8f67
492b43 (base 12) to base 2
100100001110011100011
Convert -10000012 (base 4) to base 5.
-1011030
What is 11000101111110 (base 2) in base 7?
51640
Convert 1a1239 (base 11) to base 3.
120200222021
Convert 3663366 (base 9) to base 16.
1e5f49
26641 (base 14) to base 9
153602
What is 138502 (base 10) in base 5?
13413002
-689466 (base 14) to base 13
-978420
What is 312140400 (base 5) in base 11?
7a9a18
Convert 4e8c (base 15) to base 16.
418e
19d25b (base 14) to base 3
1201201121110
2103011 (base 6) to base 16
18d6f
30404 (base 12) to base 9
105114
What is -3b1b5 (base 16) in base 10?
-242101
What is 29ba8 (base 12) in base 14?
17596
What is 679494 (base 10) in base 4?
2211321012
Convert -419a5 (base 15) to base 5.
-23124210
-11230020 (base 5) to base 3
-12011202112
Convert 294669 (base 11) to base 8.
1602334
b1b5ac (base 15) to base 9
16786420
What is -12128 (base 12) in base 3?
-1020102112
What is -1425108 (base 9) in base 3?
-1110212010022
What is -f19c (base 16) in base 12?
-2b964
195a4 (base 13) to base 11
34060
What is -3311001414 (base 5) in base 10?
-7125234
Convert 16154323 (base 8) to base 11.
211504a
23927 (base 10) to base 14
8a11
64a27 (base 11) to base 8
270311
What is -313546 (base 8) in base 11?
-713a3
What is 2e5292 (base 16) in base 13?
823a38
-12456605 (base 10) to base 9
-25385222
Convert 63065 (base 13) to base 8.
533570
Convert 7b69b7 (base 14) to base 6.
230050553
20000111200 (base 3) to base 16
1cec3
Convert -625114 (base 9) to base 13.
-ccc25
594001 (base 15) to base 6
231234001
Convert -1033823 (base 11) to base 3.
-10102111012211
What is 10010110011011110000011 (base 2) in base 9?
10242783
Convert -1110011110001110 (base 2) to base 3.
-10000022111
What is -830137 (base 9) in base 15?
-9ac7a
-7a74c3 (base 16) to base 10
-8025283
What is 1103310221 (base 4) in base 3?
122102222012
Convert 234611166 (base 7) to base 15.
142d590
What is -1656463 (base 7) in base 15?
-48e9a
What is -6111610 (base 7) in base 10?
-725746
70424 (base 10) to base 6
1302012
230102011102 (base 4) to base 14
1782678
Convert 19b22 (base 15) to base 7.
465314
-1012212211112 (base 3) to base 15
-cbb8b
Convert 101011000110000101 (base 2) to base 3.
22222010200
Convert -138367 (base 9) to base 15.
-1a22d
-1978420 (base 10) to base 8
-7430064
Convert -44f48 (base 16) to base 13.
-9b732
What is 28a96 (base 13) in base 9?
125852
Convert 6650517 (base 8) to base 9.
3327727
Convert 51548 (base 15) to base 9.
432435
Convert 76382 (base 11) to base 7.
641254
Convert 534323 (base 7) to base 2.
10110101001100110
3b233 (base 16) to base 12
b8217
Convert -101154610 (base 7) to base 10.
-5912935
Convert 2131244 (base 5) to base 6.
440425
-1566004 (base 7) to base 9
-362221
What is 11200021220 (base 3) in base 9?
150256
Convert -5594 (base 15) to base 12.
-a5b7
Convert -331314100 (base 5) to base 3.
-2200202212212
Convert 2344522 (base 8) to base 14.
129a38
Convert -21201002100 (base 3) to base 10.
-151695
-3115215 (base 7) to base 12
-160510
What is 1caf52 (base 16) in base 4?
13022331102
Convert 3526342 (base 7) to base 9.
746064
Convert -433140341 (base 6) to base 2.
-11101011010101001100101
Convert -200233110321 (base 4) to base 14.
-11d5a09
What is 3323040120 (base 5) in base 9?
14550151
Convert -53014 (base 12) to base 15.
-223da
Convert -11366042 (base 7) to base 2.
-11110110000111101011
What is -33d1 (base 14) in base 4?
-2030223
22000101012002 (base 3) to base 7
51125531
-3111213 (base 5) to base 8
-143170
-689d (base 15) to base 6
-250434
Convert -20402113 (base 5) to base 8.
-512111
What is 10322222141 (base 5) in base 4?
222131331330
What is -8b3816 (base 12) in base 14?
-41cc82
-4104422 (base 5) to base 15
-1495c
-5810244 (base 9) to base 10
-3136360
Convert 23437c (base 15) to base 2.
110011011010110110101
-533124221 (base 6) to base 10
-9389173
What is -42983 (base 15) in base 12?
-a2406
Convert -3301412 (base 5) to base 15.
-11b07
4242421 (base 7) to base 4
1331222113
-2647c8 (base 16) to base 11
-1463947
21001434 (base 5) to base 6
3404503
What is -3812406 (base 9) in base 16?
-1fa9b8
-3232214220 (base 5) to base 14
-cbd7c9
Convert 11110011010010110011 (base 2) to base 15.
14a406
What is -125505 (base 7) in base 8?
-56026
What is 15b289 (base 12) in base 4?
1122303021
What is -1ad65 (base 14) in base 9?
-113853
-14121403 (base 5) to base 9
-241184
Convert -116237 (base 8) to base 9.
-61000
Convert a5aa (base 11) to base 4.
3123103
Convert 1340123 (base 7) to base 12.
86a38
Convert -1048450 (base 9) to base 3.
-1001122111200
1123230400 (base 5) to base 9
4723840
Convert 100110110010100000001000 (base 2) to base 16.
9b2808
Convert 136541 (base 7) to base 15.
7c12
Convert 2033031 (base 6) to base 14.
27947
-14639 (base 15) to base 8
-177771
What is 3524353 (base 7) in base 10?
443341
Convert a9073 (base 16) to base 15.
da20e
Convert -79899 (base 13) to base 7.
-1610556
Convert 7953a4 (base 13) to base 8.
12741016
Convert -4300450 (base 6) to base 14.
-56810
Convert 5f6fa1 (base 16) to base 9.
12682501
What is -2b399a (base 13) in base 3?
-2000002220022
What is 635337 (base 9) in base 16?
5c42b
Convert -3401552 (base 6) to base 3.
-22201020212
Convert 102432311 (base 5) to base 3.
211011212200
118024 (base 11) to base 5
21430431
What is -147611 (base 8) in base 11?
-36a0a
What is -2425220 (base 6) in base 3?
-20111211010
What is 3405101 (base 6) in base 7?
1315003
Convert c2c81c (base 16) to base 15.
11c2442
Convert 678ba8 (base 16) to base 8.
31705650
Convert 43424113 (base 5) to base 14.
9a25c
Convert -10578f (base 16) to base 9.
-2012110
Convert 213634 (base 7) to base 9.
56224
What is -aa7109 (base 11) in base 7?
-21004521
Convert -1bc72 (base 14) to base 8.
-212614